{"id":124,"date":"2023-12-19T12:28:08","date_gmt":"2023-12-19T11:28:08","guid":{"rendered":"https:\/\/klimafittegemeinde.com\/?page_id=124"},"modified":"2023-12-19T14:32:27","modified_gmt":"2023-12-19T13:32:27","slug":"dokumentation","status":"publish","type":"page","link":"https:\/\/klimafittegemeinde.com\/?page_id=124","title":{"rendered":"Dokumentation"},"content":{"rendered":"\n<div style=\"height:39px\" aria-hidden=\"true\" class=\"wp-block-spacer\"><\/div>\n\n\n\n<div class=\"wp-block-group alignwide has-global-padding is-layout-constrained wp-block-group-is-layout-constrained\">\n<h4 class=\"wp-block-heading alignwide has-text-align-center has-large-font-size\" style=\"padding-top:0;padding-right:var(--wp--preset--spacing--40);padding-bottom:0;padding-left:var(--wp--preset--spacing--40);line-height:1.2\">Ziel des Projektes ist es, das Bewusstsein f\u00fcr die Herausforderungen des Klimawandels in der Bev\u00f6lkerung zu st\u00e4rken.<\/h4>\n<\/div>\n\n\n\n<div class=\"wp-block-query has-global-padding is-layout-constrained wp-block-query-is-layout-constrained\">\n\n\n<div class=\"wp-block-group is-layout-flow wp-block-group-is-layout-flow\" style=\"margin-top:0;margin-bottom:0;padding-top:var(--wp--preset--spacing--50);padding-right:0;padding-bottom:var(--wp--preset--spacing--50);padding-left:0\"><ul class=\"alignfull wp-block-post-template is-layout-flow wp-container-core-post-template-is-layout-09c064ec wp-block-post-template-is-layout-flow\"><li class=\"wp-block-post post-184 post type-post status-publish format-standard has-post-thumbnail hentry category-allgemein\">\n<figure style=\"aspect-ratio:3\/2; margin-bottom:var(--wp--preset--spacing--20);\" class=\"wp-block-post-featured-image\"><a href=\"https:\/\/klimafittegemeinde.com\/?p=184\" target=\"_self\"  ><img loading=\"lazy\" decoding=\"async\" width=\"2560\" height=\"1920\" src=\"https:\/\/klimafittegemeinde.com\/wp-content\/uploads\/2023\/12\/20230627_190716-scaled.jpg\" class=\"attachment-post-thumbnail size-post-thumbnail wp-post-image\" alt=\"B\u00fcrger:innenversammlung\" style=\"width:100%;height:100%;object-fit:cover;\" srcset=\"https:\/\/klimafittegemeinde.com\/wp-content\/uploads\/2023\/12\/20230627_190716-scaled.jpg 2560w, https:\/\/klimafittegemeinde.com\/wp-content\/uploads\/2023\/12\/20230627_190716-300x225.jpg 300w, https:\/\/klimafittegemeinde.com\/wp-content\/uploads\/2023\/12\/20230627_190716-1024x768.jpg 1024w, https:\/\/klimafittegemeinde.com\/wp-content\/uploads\/2023\/12\/20230627_190716-768x576.jpg 768w, https:\/\/klimafittegemeinde.com\/wp-content\/uploads\/2023\/12\/20230627_190716-1536x1152.jpg 1536w, https:\/\/klimafittegemeinde.com\/wp-content\/uploads\/2023\/12\/20230627_190716-2048x1536.jpg 2048w\" sizes=\"auto, (max-width: 2560px) 100vw, 2560px\" \/><\/a><\/figure>\n\n\n<div class=\"wp-block-group is-vertical is-nowrap is-layout-flex wp-container-core-group-is-layout-9bc6ff26 wp-block-group-is-layout-flex\"><h2 style=\"margin-bottom:0;\" class=\"wp-block-post-title has-x-large-font-size\"><a href=\"https:\/\/klimafittegemeinde.com\/?p=184\" target=\"_self\" >B\u00fcrger:innenversammlung<\/a><\/h2>\n\n<div class=\"wp-block-post-excerpt has-small-font-size\"><p class=\"wp-block-post-excerpt__excerpt\">Am 27. Juni 2023 haben sich Prutzer und Prutzerinnen im Winklstadl in Prutz, wichtige Informationen zum Thema Klimawandelanpassung erfahren. <\/p><\/div>\n\n\n<div style=\"height:0px\" aria-hidden=\"true\" class=\"wp-block-spacer wp-container-content-32e3a40d\"><\/div>\n<\/div>\n\n<\/li><li class=\"wp-block-post post-176 post type-post status-publish format-standard has-post-thumbnail hentry category-allgemein\">\n<figure style=\"aspect-ratio:3\/2; margin-bottom:var(--wp--preset--spacing--20);\" class=\"wp-block-post-featured-image\"><a href=\"https:\/\/klimafittegemeinde.com\/?p=176\" target=\"_self\"  ><img loading=\"lazy\" decoding=\"async\" width=\"2250\" height=\"2250\" src=\"https:\/\/klimafittegemeinde.com\/wp-content\/uploads\/2023\/12\/Bewerbung_Gemeinde_VA_FACEBOOK.png\" class=\"attachment-post-thumbnail size-post-thumbnail wp-post-image\" alt=\"Einladung zur B\u00fcrger:innenversammlung\" style=\"width:100%;height:100%;object-fit:cover;\" srcset=\"https:\/\/klimafittegemeinde.com\/wp-content\/uploads\/2023\/12\/Bewerbung_Gemeinde_VA_FACEBOOK.png 2250w, https:\/\/klimafittegemeinde.com\/wp-content\/uploads\/2023\/12\/Bewerbung_Gemeinde_VA_FACEBOOK-300x300.png 300w, https:\/\/klimafittegemeinde.com\/wp-content\/uploads\/2023\/12\/Bewerbung_Gemeinde_VA_FACEBOOK-1024x1024.png 1024w, https:\/\/klimafittegemeinde.com\/wp-content\/uploads\/2023\/12\/Bewerbung_Gemeinde_VA_FACEBOOK-150x150.png 150w, https:\/\/klimafittegemeinde.com\/wp-content\/uploads\/2023\/12\/Bewerbung_Gemeinde_VA_FACEBOOK-768x768.png 768w, https:\/\/klimafittegemeinde.com\/wp-content\/uploads\/2023\/12\/Bewerbung_Gemeinde_VA_FACEBOOK-1536x1536.png 1536w, https:\/\/klimafittegemeinde.com\/wp-content\/uploads\/2023\/12\/Bewerbung_Gemeinde_VA_FACEBOOK-2048x2048.png 2048w\" sizes=\"auto, (max-width: 2250px) 100vw, 2250px\" \/><\/a><\/figure>\n\n\n<div class=\"wp-block-group is-vertical is-nowrap is-layout-flex wp-container-core-group-is-layout-9bc6ff26 wp-block-group-is-layout-flex\"><h2 style=\"margin-bottom:0;\" class=\"wp-block-post-title has-x-large-font-size\"><a href=\"https:\/\/klimafittegemeinde.com\/?p=176\" target=\"_self\" >Einladung zur B\u00fcrger:innenversammlung<\/a><\/h2>\n\n<div class=\"wp-block-post-excerpt has-small-font-size\"><p class=\"wp-block-post-excerpt__excerpt\">Unsere Gemeinde stellt sich aktiv dem Thema Klimawandel und setzt engagiert Projekte zum Klimaschutz und der Anpassung an den Klimawandel um. <\/p><\/div>\n\n\n<div style=\"height:0px\" aria-hidden=\"true\" class=\"wp-block-spacer wp-container-content-32e3a40d\"><\/div>\n<\/div>\n\n<\/li><li class=\"wp-block-post post-171 post type-post status-publish format-standard has-post-thumbnail hentry category-allgemein\">\n<figure style=\"aspect-ratio:3\/2; margin-bottom:var(--wp--preset--spacing--20);\" class=\"wp-block-post-featured-image\"><a href=\"https:\/\/klimafittegemeinde.com\/?p=171\" target=\"_self\"  ><img loading=\"lazy\" decoding=\"async\" width=\"2968\" height=\"1726\" src=\"https:\/\/klimafittegemeinde.com\/wp-content\/uploads\/2023\/12\/LOGO-1.png\" class=\"attachment-post-thumbnail size-post-thumbnail wp-post-image\" alt=\"Online &#8211; Umfrage\" style=\"width:100%;height:100%;object-fit:cover;\" srcset=\"https:\/\/klimafittegemeinde.com\/wp-content\/uploads\/2023\/12\/LOGO-1.png 2968w, https:\/\/klimafittegemeinde.com\/wp-content\/uploads\/2023\/12\/LOGO-1-300x174.png 300w, https:\/\/klimafittegemeinde.com\/wp-content\/uploads\/2023\/12\/LOGO-1-1024x595.png 1024w, https:\/\/klimafittegemeinde.com\/wp-content\/uploads\/2023\/12\/LOGO-1-768x447.png 768w, https:\/\/klimafittegemeinde.com\/wp-content\/uploads\/2023\/12\/LOGO-1-1536x893.png 1536w, https:\/\/klimafittegemeinde.com\/wp-content\/uploads\/2023\/12\/LOGO-1-2048x1191.png 2048w\" sizes=\"auto, (max-width: 2968px) 100vw, 2968px\" \/><\/a><\/figure>\n\n\n<div class=\"wp-block-group is-vertical is-nowrap is-layout-flex wp-container-core-group-is-layout-9bc6ff26 wp-block-group-is-layout-flex\"><h2 style=\"margin-bottom:0;\" class=\"wp-block-post-title has-x-large-font-size\"><a href=\"https:\/\/klimafittegemeinde.com\/?p=171\" target=\"_self\" >Online &#8211; Umfrage<\/a><\/h2>\n\n<div class=\"wp-block-post-excerpt has-small-font-size\"><p class=\"wp-block-post-excerpt__excerpt\">Dieser Fragebogen ist darauf ausgerichtet, die Ansichten und Vorschl\u00e4ge der B\u00fcrger:innen zu erfassen, wie sie aktiv zum Klimaschutz in Prutz beitragen k\u00f6nnen. <\/p><\/div>\n\n\n<div style=\"height:0px\" aria-hidden=\"true\" class=\"wp-block-spacer wp-container-content-32e3a40d\"><\/div>\n<\/div>\n\n<\/li><\/ul>\n\n\n<div style=\"margin-top:0;margin-bottom:0;height:var(--wp--preset--spacing--50)\" aria-hidden=\"true\" class=\"wp-block-spacer\"><\/div>\n\n\n<nav class=\"wp-block-query-pagination is-content-justification-space-between is-layout-flex wp-container-core-query-pagination-is-layout-b2891da8 wp-block-query-pagination-is-layout-flex\" aria-label=\"Seitennummerierung\">\n\n\n<a href=\"\/index.php?rest_route=%2Fwp%2Fv2%2Fpages%2F124&#038;query-100-page=2\" class=\"wp-block-query-pagination-next\">N\u00e4chste Seite<span class='wp-block-query-pagination-next-arrow is-arrow-arrow' aria-hidden='true'>\u2192<\/span><\/a>\n<\/nav><\/div>\n<\/div>\n","protected":false},"excerpt":{"rendered":"<p>Ziel des Projektes ist es, das Bewusstsein f\u00fcr die Herausforderungen des Klimawandels in der Bev\u00f6lkerung zu st\u00e4rken.<\/p>\n","protected":false},"author":1,"featured_media":0,"parent":0,"menu_order":0,"comment_status":"closed","ping_status":"closed","template":"","meta":{"footnotes":""},"class_list":["post-124","page","type-page","status-publish","hentry"],"_links":{"self":[{"href":"https:\/\/klimafittegemeinde.com\/index.php?rest_route=\/wp\/v2\/pages\/124","targetHints":{"allow":["GET"]}}],"collection":[{"href":"https:\/\/klimafittegemeinde.com\/index.php?rest_route=\/wp\/v2\/pages"}],"about":[{"href":"https:\/\/klimafittegemeinde.com\/index.php?rest_route=\/wp\/v2\/types\/page"}],"author":[{"embeddable":true,"href":"https:\/\/klimafittegemeinde.com\/index.php?rest_route=\/wp\/v2\/users\/1"}],"replies":[{"embeddable":true,"href":"https:\/\/klimafittegemeinde.com\/index.php?rest_route=%2Fwp%2Fv2%2Fcomments&post=124"}],"version-history":[{"count":9,"href":"https:\/\/klimafittegemeinde.com\/index.php?rest_route=\/wp\/v2\/pages\/124\/revisions"}],"predecessor-version":[{"id":137,"href":"https:\/\/klimafittegemeinde.com\/index.php?rest_route=\/wp\/v2\/pages\/124\/revisions\/137"}],"wp:attachment":[{"href":"https:\/\/klimafittegemeinde.com\/index.php?rest_route=%2Fwp%2Fv2%2Fmedia&parent=124"}],"curies":[{"name":"wp","href":"https:\/\/api.w.org\/{rel}","templated":true}]}}